{"id":26395,"date":"2021-04-30T13:31:23","date_gmt":"2021-04-30T13:31:23","guid":{"rendered":"https:\/\/prodimex.adept.sr\/?product=lijmpistool-dual-temp-trigger-feed-tr400-arrow"},"modified":"2021-04-30T13:31:23","modified_gmt":"2021-04-30T13:31:23","slug":"lijmpistool-dual-temp-trigger-feed-tr400-arrow","status":"publish","type":"product","link":"https:\/\/prodimex.adept.sr\/?product=lijmpistool-dual-temp-trigger-feed-tr400-arrow","title":{"rendered":"Arrow Dual Temp TR400 lijmpistool Gluegun with feed"},"content":{"rendered":"<p>De Arrow TR400 biedt topprestaties in een middengeprijsd lijmpistool voor zowel professionals als doe-het-zelvers die op zoek zijn naar een voordelige lijmoplossing. Kenmerken zijn onder meer een duurzame voorgevormde behuizing voor een goede grip, zelfbeperkende warmtekamer, ge\u00efsoleerd anti-drup veiligheidsmondstuk, ge\u00efntegreerde standaard en stevige antislip-trekker. Een ge\u00efntegreerde veiligheidszekering beschermt zowel de gebruiker als het gereedschap tegen elektrische storingen. Geweldig voor stoffering, handwerk en algemene reparatieprojecten.<\/p>\n","protected":false},"excerpt":{"rendered":"<p>LIJMPISTOOL DUAL TEMP &#8220;TRIGGER FEED TR400&#8221; ARROW<\/p>\n","protected":false},"featured_media":26393,"comment_status":"open","ping_status":"closed","template":"","meta":[],"product_brand":[],"product_cat":[5743,5842,5845,5746],"product_tag":[],"class_list":{"0":"post-26395","1":"product","2":"type-product","3":"status-publish","4":"has-post-thumbnail","6":"product_cat-default-category","7":"product_cat-knippen-en-plakken","8":"product_cat-lijmsoorten-suriname-kinderlijm-superglue-plakstift-plaksel-kwast","9":"product_cat-bureau-en-kantoorartikelen","11":"first","12":"instock","13":"shipping-taxable","14":"purchasable","15":"product-type-simple"},"_links":{"self":[{"href":"https:\/\/prodimex.adept.sr\/index.php?rest_route=\/wp\/v2\/product\/26395","targetHints":{"allow":["GET"]}}],"collection":[{"href":"https:\/\/prodimex.adept.sr\/index.php?rest_route=\/wp\/v2\/product"}],"about":[{"href":"https:\/\/prodimex.adept.sr\/index.php?rest_route=\/wp\/v2\/types\/product"}],"replies":[{"embeddable":true,"href":"https:\/\/prodimex.adept.sr\/index.php?rest_route=%2Fwp%2Fv2%2Fcomments&post=26395"}],"version-history":[{"count":0,"href":"https:\/\/prodimex.adept.sr\/index.php?rest_route=\/wp\/v2\/product\/26395\/revisions"}],"wp:featuredmedia":[{"embeddable":true,"href":"https:\/\/prodimex.adept.sr\/index.php?rest_route=\/wp\/v2\/media\/26393"}],"wp:attachment":[{"href":"https:\/\/prodimex.adept.sr\/index.php?rest_route=%2Fwp%2Fv2%2Fmedia&parent=26395"}],"wp:term":[{"taxonomy":"product_brand","embeddable":true,"href":"https:\/\/prodimex.adept.sr\/index.php?rest_route=%2Fwp%2Fv2%2Fproduct_brand&post=26395"},{"taxonomy":"product_cat","embeddable":true,"href":"https:\/\/prodimex.adept.sr\/index.php?rest_route=%2Fwp%2Fv2%2Fproduct_cat&post=26395"},{"taxonomy":"product_tag","embeddable":true,"href":"https:\/\/prodimex.adept.sr\/index.php?rest_route=%2Fwp%2Fv2%2Fproduct_tag&post=26395"}],"curies":[{"name":"wp","href":"https:\/\/api.w.org\/{rel}","templated":true}]}}